ed by 224?
5
What is the remainder when 114671 is divided by 113?
89
Calculate the remainder when 43989216 is divided by 2.
0
Calculate the remainder when 45615 is divided by 821.
460
Calculate the remainder when 489217 is divided by 123.
46
Calculate the remainder when 6073408 is divided by 5655.
5593
What is the remainder when 10487 is divided by 1578?
1019
Calculate the remainder when 220932 is divided by 110200.
532
What is the remainder when 730783 is divided by 1050?
1033
What is the remainder when 9877258 is divided by 14?
6
What is the remainder when 143803 is divided by 3700?
3203
What is the remainder when 5078 is divided by 250?
78
Calculate the remainder when 30792917 is divided by 1178.
1175
What is the remainder when 101189 is divided by 7199?
403
What is the remainder when 23056 is divided by 7501?
553
What is the remainder when 186295 is divided by 1635?
1540
Calculate the remainder when 177709 is divided by 1357.
1299
What is the remainder when 38571 is divided by 6200?
1371
What is the remainder when 6473544 is divided by 997?
23
What is the remainder when 9634974 is divided by 175?
174
Calculate the remainder when 451764 is divided by 90335.
89
Calculate the remainder when 1201152 is divided by 516.
420
What is the remainder when 1748767 is divided by 2599?
2239
What is the remainder when 2038713 is divided by 683?
641
Calculate the remainder when 40405238 is divided by 3.
2
What is the remainder when 2422239 is divided by 5?
4
What is the remainder when 398471 is divided by 1763?
33
What is the remainder when 913187 is divided by 799?
729
Calculate the remainder when 18151899 is divided by 73.
11
What is the remainder when 1972096 is divided by 396?
16
Calculate the remainder when 7026881 is divided by 34.
33
Calculate the remainder when 16316034 is divided by 3263203.
19
What is the remainder when 231963 is divided by 743?
147
What is the remainder when 11199287 is divided by 24?
23
Calculate the remainder when 2584361 is divided by 49699.
13
What is the remainder when 184608 is divided by 46028?
496
What is the remainder when 3592000 is divided by 211293?
19
What is the remainder when 2200332 is divided by 10?
2
What is the remainder when 81854 is divided by 81674?
180
What is the remainder when 182981535 is divided by 1454?
1451
Calculate the remainder when 20709 is divided by 540.
189
Calculate the remainder when 537371 is divided by 554.
545
Calculate the remainder when 728459134 is divided by 246.
244
Calculate the remainder when 28956805 is divided by 12.
1
What is the remainder when 46036 is divided by 15203?
427
What is the remainder when 2183874 is divided by 26961?
33
What is the remainder when 8594939 is divided by 5499?
2
Calculate the remainder when 1872363 is divided by 6457.
6290
What is the remainder when 220 is divided by 195?
25
Calculate the remainder when 98501 is divided by 1294.
157
What is the remainder when 36304 is divided by 7174?
434
Calculate the remainder when 714505 is divided by 357209.
87
Calculate the remainder when 1356554 is divided by 59.
26
What is the remainder when 32857607 is divided by 40?
7
Calculate the remainder when 49976 is divided by 53.
50
Calculate the remainder when 118927 is divided by 6259.
6
Calculate the remainder when 28795 is divided by 9496.
307
What is the remainder when 6380199 is divided by 81?
72
Calculate the remainder when 145707 is divided by 105.
72
What is the remainder when 1556372 is divided by 5743?
19
What is the remainder when 624552 is divided by 34691?
114
What is the remainder when 23903 is divided by 20?
3
Calculate the remainder when 584264 is divided by 1277.
675
Calculate the remainder when 4279446 is divided by 389037.
39
What is the remainder when 5578160 is divided by 8?
0
Calculate the remainder when 77118680 is divided by 799.
798
What is the remainder when 6497610 is divided by 259902?
60
Calculate the remainder when 9818660 is divided by 49340.
0
What is the remainder when 257873 is divided by 21452?
449
What is the remainder when 85334 is divided by 836?
62
Calculate the remainder when 825287 is divided by 5000.
287
What is the remainder when 233686 is divided by 13808?
12758
What is the remainder when 140825 is divided by 8788?
217
Calculate the remainder when 42059975 is divided by 2716.
2715
What is the remainder when 200516 is divided by 15423?
17
Calculate the remainder when 61402 is divided by 7666.
74
Calculate the remainder when 355342445 is divided by 16.
13
What is the remainder when 27035 is divided by 8921?
272
What is the remainder when 105703 is divided by 1704?
55
Calculate the remainder when 665875 is divided by 83112.
979
Calculate the remainder when 3051637 is divided by 75.
37
Calculate the remainder when 247959 is divided by 4348.
123
What is the remainder when 24125740 is divided by 1159?
1155
What is the remainder when 9679 is divided by 213?
94
What is the remainder when 151320 is divided by 1561?
1464
Calculate the remainder when 705470 is divided by 287.
24
What is the remainder when 653116 is divided by 653107?
9
Calculate the remainder when 61134073 is divided by 23.
4
Calculate the remainder when 53599699 is divided by 70.
69
Calculate the remainder when 1647721 is divided by 401.
12
What is the remainder when 313636 is divided by 26136?
4
What is the remainder when 368519 is divided by 122824?
47
Calculate the remainder when 1790774 is divided by 498.
464
Calculate the remainder when 179966 is divided by 189.
38
Calculate the remainder when 529240 is divided by 44095.
100
What is the remainder when 44675609 is divided by 10786?
10783
Calculate the remainder when 21025677 is divided by 6546.
6471
Calculate the remainder when 1398179 is divided by 1695.
1499
Calculate the remainder when 501074 is divided by 2332.
2026
Calculate the remainder when 24035 is divided by 1701.
221
Calculate the remainder when 2689796 is divided by 1678.
1640
What is the remainder when 622944 is divided by 207595?
159
What is the remainder when 443722 is divided by 5464?
1138
Calculate the remainder when 6208982 is divided by 33203.
21
Calculate the remainder when 1320294 is divided by 815.
809
Calculate the remainder when 23985856 is divided by 1998820.
16
What is the remainder when 12258287 is divided by 1307?
1241
What is the remainder when 1227211 is divided by 40?
11
Calculate the remainder when 463562 is divided by 154517.
11
Calculate the remainder when 917371 is divided by 2562.
175
What is the remainder when 348478240 is divided by 348478236?
4
What is the remainder when 7343572 is divided by 15?
7
Calculate the remainder when 1546065 is divided by 82.
37
Calculate the remainder when 9277016 is divided by 91.
21
Calculate the remainder when 276628 is divided by 13811.
408
What is the remainder when 176170812 is divided by 4784?
12
What is the remainder when 20986521 is divided by 2331834?
15
What is the remainder when 6501 is divided by 5934?
567
Calculate the remainder when 3988535 is divided by 1329508.
11
Calculate the remainder when 455848 is divided by 2326.
2278
Calculate the remainder when 348949 is divided by 29066.
157
Calculate the remainder when 2974449 is divided by 428.
277
What is the remainder when 1781264 is divided by 593748?
20
What is the remainder when 73090 is divided by 3057?
2779
Calculate the remainder when 2810405 is divided by 401482.
31
Calculate the remainder when 638983 is divided by 11210.
13
Calculate the remainder when 74121 is divided by 4792.
2241
What is the remainder when 122781085 is divided by 872?
869
What is the remainder when 16189116 is divided by 154?
20
What is the remainder when 1459075 is divided by 460?
415
Calculate the remainder when 19926415 is divided by 452.
447
What is the remainder when 972784 is divided by 63?
1
What is the remainder when 12705009 is divided by 2400?
1809
Calculate the remainder when 6967584 is divided by 174189.
24
What is the remainder when 65791 is divided by 354?
301
Calculate the remainder when 1041680 is divided by 1041668.
12
Calculate the remainder when 1532 is divided by 965.
567
What is the remainder when 95729 is divided by 2540?
1749
Calculate the remainder when 27453 is divided by 12.
9
Calculate the remainder when 33809311 is divided by